
0
Let s(m) = -m**2 - 3*m. Let c be s(-4). Let v be c/6 - (-4)/6. Suppose 0*i + 3*i - 9 = v. Calculate the remainder when i is divided by 2.
1
Let c(q) = q**3 - 7*q**2 + 8. Calculate the remainder when 30 is divided by c(7).
6
Suppose 5*d = 2*r - 19, -4*r - 12 = d + 5. Let x = 17 + d. Suppose -4*f = x, 2*f + 206 = 4*j - 8. What is the remainder when j is divided by 18?
16
Let p(x) = -x**3 + 2*x - 5. What is the remainder when p(-3) is divided by 6?
4
Let v(i) = 37*i - 1. Let s(z) = -75*z + 2. Let f(k) = 4*s(k) + 9*v(k). What is the remainder when f(1) is divided by 9?
5
Calculate the remainder when 300/8 - (-1)/2 is divided by 5 + (-1 + 4 - -2).
8
Suppose 0 = 3*s + s. Calculate the remainder when 13 is divided by 4/2 + 2 - s.
1
Suppose 66 + 66 = 3*y. What is the remainder when y is divided by 16?
12
Suppose 5*c - 2 = 28. Let k(u) = -13*u - 217. What is the remainder when c is divided by k(-17)?
2
Let h be -6*((-6)/(-4) - 2). Let b be 0 + 2 + 20*h. Suppose 62 + b = 4*s. What is the remainder when s is divided by 11?
9
Let c = -74 + 84. Calculate the remainder when 49 is divided by c.
9
Let k = 63 - 13. Calculate the remainder when k is divided by -13*((-4)/(-2) - 3).
11
Let o(q) = q - 1. Let n be o(4). Let y(m) = 1 + n + m + 0*m - 3. Calculate the remainder when 13 is divided by y(4).
3
Let o = -2 + 5. Let j be 10/o + (-2)/(-3). Suppose y = -0*y + j. What is the remainder when 11 is divided by y?
3
Suppose -p - 1 = 0, 31 = 2*g + 2*g - 3*p. Suppose -4*t + 13 = 1. Calculate the remainder when g is divided by t.
1
Let h = 128 - 79. Let x be -1*(1 - -2) + -23. Let t = h + x. What is the remainder when t is divided by 8?
7
Let o(j) = 90*j**3 + 4*j**2 + j + 2. Let u(l) = -45*l**3 - 2*l**2 - 1. Let z(f) = -2*o(f) - 5*u(f). What is the remainder when z(1) is divided by 12?
10
Let z = -6 + 3. What is the remainder when 10 is divided by (3 - (-7)/z)*6?
2
Suppose -2*k = k - 9. Suppose 0*r - 30 = -k*r. Suppose -j = 4*x - 3*j - 132, 5*j = r. What is the remainder when x is divided by 12?
10
Suppose u = 2*u - 12. Let k = 28 + -21. Calculate the remainder when u is divided by k.
5
Let l(b) = 11*b + 3. Calculate the remainder when l(5) is divided by 20.
18
Suppose c + 518 = 2*f, 2*f + 5*c - 542 = -0*f. Suppose -30 = 3*l - 5*l. Calculate the remainder when 2/(-4) + f/6 is divided by l.
13
Let d = -94 - -109. What is the remainder when 44 + (2 - 4/1) is divided by d?
12
Let y(w) = -2*w + 3. Let q be y(3). Let k(d) = -3*d - 4. What is the remainder when k(q) is divided by 2?
1
Suppose 5*n - 58 = -3*r, 3*r + n - 43 = -n. Suppose 5*v + 134 = 2*o + 79, 3*o + 2*v - 92 = 0. Calculate the remainder when o is divided by r.
8
Calculate the remainder when 48 is divided by ((-33)/9 - 2)*-3.
14
Let p = -6 - -8. What is the remainder when 7/(112/(-40))*12/(-5) is divided by p?
0
Suppose -3 = 5*s - 93. What is the remainder when 89 is divided by s?
17
Let g(w) = w**3 - w**2 - w + 5. Let p be g(0). Let b = -1 + p. Suppose -83 = -b*d - 5*n, 0*d - 41 = -2*d - 3*n. What is the remainder when d is divided by 12?
10
Suppose b - 2*a - 22 = -6*a, -5*b = -2*a - 66. What is the remainder when 40 is divided by b?
12
Let j(t) = -t**2 - 4*t. Let k be (-15)/35 + (-3)/(-7). What is the remainder when (9 - k - 1) + -3 is divided by j(-3)?
2
Let g be ((-122)/(-10) + -2)*5. Suppose 0*a - 3*a = -g. Suppose 3*o = -2*y - 5, a = y - 5*o - 0*o. What is the remainder when 4 is divided by y?
0
Suppose -q - 5*f + 7 + 44 = 0, -q - 2*f + 48 = 0. Let r = -33 + q. What is the remainder when 50 is divided by r?
11
Suppose 2*h - 108 = -0*h. Calculate the remainder when h is divided by 19.
16
Let a = 14 + -8. Let s(l) = 2 - 3*l**2 + 3 + 4*l**2 - 1. Calculate the remainder when a is divided by s(0).
2
Suppose 492 = 4*c + 2*c. What is the remainder when c is divided by 28?
26
Let l(i) = -i**3 - 9*i**2 + 9*i - 12. Let o be l(-10). Let z = o - 2. Let m = z - -11. What is the remainder when 19 is divided by m?
5
Let l = 4 + -1. Suppose -l*b + 0*b + 126 = 0. Calculate the remainder when b is divided by 11.
9
Suppose 28 = -5*n + n. What is the remainder when (108/42)/((-1)/n) is divided by 5?
3
Let v(c) be the second derivative of 1/20*c**5 - 3/2*c**2 - c + 0 + 1/3*c**4 - 7/6*c**3. Calculate the remainder when v(-5) is divided by 4.
3
Calculate the remainder when -1*1/1 - -13 is divided by (4 - 7/2)*8.
0
Let k(c) = -c**3 + 13*c**2 - 12*c + 15. Let h be (36/14)/(12/56). Calculate the remainder when 43 is divided by k(h).
13
Suppose 5*k - 6 = 4. Suppose -k*x + 42 = -f, -5*f + f = 0. Calculate the remainder when x is divided by 8.
5
Suppose 2*l = -5*v - l - 29, -v - 4*l - 16 = 0. Let t(j) = j**2 + 2*j + 5. Calculate the remainder when t(v) is divided by 4.
1
Let g be 94/(-18) + (-8)/(-36). What is the remainder when 39 is divided by (g + 4)*(-20)/1?
19
Suppose 0 = -0*o + 4*o - 76. What is the remainder when 75 is divided by o?
18
Let s be (11 - 12)/((-1)/3). Suppose s*t = 2*t + 19. Calculate the remainder when 36 is divided by t.
17
Let p(m) = 2*m + 4 - 5 + 49*m. What is the remainder when p(1) is divided by 17?
16
Let n = 0 - -3. Let t(k) = -k**2 - 6*k - 3. What is the remainder when t(-5) is divided by ((-4)/(-2) - n)/(-1)?
0
Let j be (2/(-3))/(4/(-30)). Suppose -g = j*o - 255, 2*o + o - 130 = 4*g. What is the remainder when o is divided by 17?
16
Suppose j - 75 = -2*m, 0 = 3*m + 2*m - 4*j - 155. Calculate the remainder when m is divided by 13.
9
Suppose -4*d + 178 = 14. What is the remainder when d is divided by 1*(-1)/2*-42?
20
Suppose -n - n = -48. Calculate the remainder when 46 is divided by n.
22
Let n = 5 + -2. Suppose -n*h + 0*w + 11 = -4*w, 0 = h - 2*w - 3. Calculate the remainder when 17 is divided by h.
2
What is the remainder when (60/50)/(1/20) is divided by 18*(-1)/4*-2?
6
Suppose 3*f - 7 = 4*x + 6, 3*f = -5*x + 4. Calculate the remainder when 10 is divided by f.
1
Suppose -7*l - l + 88 = 0. What is the remainder when 31 is divided by l?
9
Let o(l) = -l**3 + 3*l + 1. Let k be o(-2). Let r(m) = -m**3 + 9*m + k - 2*m - m - 2*m**2. Calculate the remainder when 32 is divided by r(-4).
10
Let r(c) = c**3 + 6*c**2 + 4*c + 1. What is the remainder when r(-3) is divided by 6?
4
Suppose 12 = 3*f + 2*j, j = -4*f + 4*j - 1. What is the remainder when f is divided by (-32)/(-24)*6/4?
0
What is the remainder when 81 is divided by 206/10 - 4/(-10)?
18
Let u(m) = -m**3 + 10*m**2 + 9*m - 4. Let j(f) = -f**3 + 9*f**2 + 8*f - 3. Let x(s) = -5*j(s) + 4*u(s). Calculate the remainder when x(6) is divided by 6.
5
Let c(r) = -7*r - 7. Let l be c(-9). Let f = -31 + l. Calculate the remainder when f is divided by 13.
12
Let a = 1 - 2. Let o be (6/15)/(a/(-10)). Suppose -4 = o*f - 6*f. Calculate the remainder when 5 is divided by f.
1
Suppose -25 = -2*h + 3*w, -2*h = 3*w - 12 - 7. Calculate the remainder when 41 is divided by h.
8
Suppose 21*p - 13 = 20*p. What is the remainder when 32 is divided by p?
6
Let w(s) = 2*s - 5. Let b be w(-4). Let i = 15 + b. Calculate the remainder when 4 is divided by i.
0
Let i(l) = l. Let h be i(5). Suppose -2*d + h + 17 = 0. Calculate the remainder when 42 is divided by d.
9
Let h be (-1)/(-2) - (-35)/10. Suppose 5*d = -23 - 2. Let m = h - d. Calculate the remainder when 17 is divided by m.
8
Suppose -2*u - 3*r - 10 = 0, r = -3 - 1. Let l(j) = j - 4. Suppose 7*b - 12 = 5*b. What is the remainder when l(b) is divided by u?
0
Suppose 0 = 3*o - 2*i - 52, -88 = 2*o - 6*o - 2*i. Suppose 3*u = -j + 5, -4*j - 3*u + o = -2*u. Calculate the remainder when 14 is divided by j.
4
Let c(r) = r**2 - 4*r - 3. Calculate the remainder when c(7) is divided by 5.
3
Let g(x) = -14*x**3 + 2*x**2 + x + 2. Let b be g(-2). What is the remainder when (-5)/(3 + b/(-39)) is divided by 17?
14
Calculate the remainder when 69 is divided by (-2)/(-4 + (-23)/(-6)).
9
Let y be 10*((-15)/2)/5. Let a = 9 + y. What is the remainder when 22 is divided by 2 + 12/(a/(-3))?
6
Let h = -5 - 14. Calculate the remainder when 3*2/3*7 is divided by (h/5 - -3)*-10.
6
Suppose 3*i - 15 + 170 = 2*p, 2*p = 5*i + 257. Let u = i + 101. What is the remainder when u is divided by 17?
16
Suppose 2*a + 8*a = 90. Calculate the remainder when a is divided by 2.
1
Let q = 16 - 0. Suppose -4*x + 2*v + 13 = 3*v, 4*x - q = -4*v. What is the remainder